 Let w = a + 74. Suppose -2*c - w = -5*c. What are the prime factors of c?
2, 5
Let f(z) = 2*z + 12. Let p(v) = v**3 + 12*v**2 - v + 1. Let m be p(-12). List the prime factors of f(m).
2, 19
Suppose 0*u - 2*x + 3420 = 2*u, -5126 = -3*u + x. List the prime factors of u.
1709
Let i = 76 + -4. List the prime factors of (-80 - (0 + 1))*(-24)/i.
3
Let u(j) = -42*j**2 - j + 9. Let b(z) = -2. Let m(n) = -4*b(n) - u(n). Suppose 2 = -4*p - 2. What are the prime factors of m(p)?
2, 5
Suppose -4182 = 51*p - 54*p + 3*f, f - 1388 = -p. List the prime factors of p.
13, 107
Suppose -1 = 2*p - 3*d - 8, 0 = p + 2*d. Suppose 2*y = p*z - y - 70, 3*z = -4*y + 105. What are the prime factors of z?
5, 7
Let t be 4/(-10) + 6/15. Let r be (-4*(-5)/(-6))/(4/(-6)). Suppose t*n + 2*o - 24 = -3*n, -15 = -3*n - r*o. List the prime factors of n.
2, 5
Let i = 4055 + -2426. What are the prime factors of i?
3, 181
Let k(z) = -z**2 - z + 76. Let d be k(0). Let m = 154 - d. List the prime factors of m.
2, 3, 13
Suppose 0 = 6*s - 11*s + 10. Suppose 0*p - 12 = -s*p. List the prime factors of (-71)/(-3) - p/(-18).
2, 3
Suppose 5*f - 699 - 216 = 0. List the prime factors of f.
3, 61
Suppose 5*v + 3*m = 0, 2 = -3*m - 13. What are the prime factors of (-1)/v*-923 + (-30)/(-90)?
2, 7, 11
Let z(q) = 6*q**2 - 13*q + 10. Let a(b) = b**3 - 8*b**2 + 6*b + 11. Let t be a(7). List the prime factors of z(t).
2, 3
Let c = -10 + 34. List the prime factors of 6/c - 129/(-12).
11
Let v = -194 + 278. What are the prime factors of v?
2, 3, 7
Suppose 6*h - 24*h = -11250. List the prime factors of h.
5
What are the prime factors of (445 - 2 - -7)/((-3)/(-2))?
2, 3, 5
Let g be ((-9)/6)/(9/24) - -9. Suppose g*c - c - 738 = 3*i, 4*c + 5*i = 722. List the prime factors of c.
3, 61
Let c = 830 - 54. What are the prime factors of c?
2, 97
Let u = 10280 - 5835. List the prime factors of u.
5, 7, 127
Let s be (-6)/9 + 17/3. Suppose -4*f + 0*g = -g - 499, -s*g + 109 = f. List the prime factors of f.
2, 31
Let d be (-22)/18 + (-14)/(-63). What are the prime factors of 18 - d - (0/(-2))/1?
19
Let m(a) = -77*a - 73*a + 153*a + 11. Suppose -n + 26 = n. What are the prime factors of m(n)?
2, 5
Let t(r) = 50*r**3 + r. Let i be t(-1). Let n = -95 - i. Let w = -8 - n. List the prime factors of w.
2, 3
Suppose 341 = 3*s - 16*v + 11*v, 5*s = 3*v + 579. List the prime factors of s.
3, 13
Let d(n) = n**3 - 11*n**2 + 5*n - 22. Let a be d(13). What are the prime factors of a/15 + ((-68)/20 - -3)?
5
Let g(d) = 20 - d**3 + d**2 - 6*d + 15*d - 32 + 2*d**3. List the prime factors of g(5).
3, 61
Suppose 3*w - 42 = 45. Let m = 26 + w. What are the prime factors of m?
5, 11
Let u = 29 - 18. Let q = u + -9. Suppose q*f = f + 9. List the prime factors of f.
3
Let q = -177 + 286. Let r = q - 65. List the prime factors of r.
2, 11
Let h(q) = -q**2 - 14*q + 11. Let u be h(-12). Let c = 106 - u. List the prime factors of c.
71
Suppose -3*l - 3993 = -6*l + 3*h, -5*l + h = -6659. What are the prime factors of l?
2, 3, 37
Let j(o) be the third derivative of 1/60*o**6 - 2/3*o**3 + 0 - 4*o**2 - 1/15*o**5 + 0*o + 1/12*o**4. What are the prime factors of j(3)?
2, 5
What are the prime factors of (-24996)/(-15) + (-120)/(-75)?
2, 3, 139
Let q(n) = 34*n**2 - 13*n - 73. What are the prime factors of q(11)?
2, 1949
Let t = 611 + -294. List the prime factors of t.
317
Let q = -10 - 9. What are the prime factors of 0/(-2) + (-11 - q)?
2
Let a = -9 + 4. Let g(l) = 5 - 4 - l**2 + 0*l**2 - 6*l. What are the prime factors of g(a)?
2, 3
Suppose 40*c - 7037 = 2723. List the prime factors of c.
2, 61
Suppose -5*t = -0 - 5. Suppose 6 = -2*l + 5*x, 0*l - l - t = -2*x. Let a = 15 - l. List the prime factors of a.
2
Let v(o) = -217*o**3 + 4*o**2 - 1. Let s(b) = 435*b**3 - 7*b**2 + 2. Let a(z) = -3*s(z) - 5*v(z). List the prime factors of a(-1).
2, 5, 11
Let y(h) = h**2 + 2*h - 16. Let j(r) = -r**2 - r + 8. Let n(i) = -5*j(i) - 2*y(i). What are the prime factors of n(9)?
2, 61
Let p(u) = -59*u**3 + u**2 - 15*u - 28. List the prime factors of p(-4).
2, 239
Suppose w = 5*r - 1444, -r + w + 284 = -4*w. What are the prime factors of r?
17
Suppose 16 = 4*v + 4*o, 0 = v + 3*o + 1 - 7. Suppose 0 = -5*r + 10, 5*r + 256 = v*z + 44. What are the prime factors of z?
2, 37
What are the prime factors of (-1168)/(-1) - 14/14?
3, 389
Let h(m) = -m**3 + 15*m**2 + 17*m - 21. What are the prime factors of h(13)?
2, 269
Let t(s) = s + 26. Let b be t(-9). Let a = 11 + b. What are the prime factors of a?
2, 7
Suppose -4 = -2*f - 2*f - 4*z, -4*f + 28 = -4*z. Let h be (-76)/(-10) - (-2)/5. Suppose -f*u + h = -0*u. List the prime factors of u.
2
Let b = -98 - -101. List the prime factors of 45/b*(-198)/(-45).
2, 3, 11
Let r(f) = -f**2 - 13*f - 7. Let q be r(-12). Suppose -q*h + 80 = -85. What are the prime factors of h?
3, 11
Let z = 169 - 317. Let j = z + 221. List the prime factors of j.
73
Let r(k) = k**2 + 6*k + 14. Let h be r(-6). Let i(y) = -17*y + 57 + 5*y + h*y. List the prime factors of i(0).
3, 19
Suppose 3237 - 997 = -8*l. Let n = l + 402. List the prime factors of n.
2, 61
Let q = -22 - -40. Let x = q - -20. List the prime factors of x.
2, 19
Let q = 57 - -321. What are the prime factors of q?
2, 3, 7
Let x = -117 - -197. List the prime factors of (-162)/(-8) + (-20)/x.
2, 5
Let d be -20*-1*(1 - -1). Suppose q - 81 = -2*v, -v + 5*q + d = -6. What are the prime factors of v?
41
Suppose -s + 3*s = 4. Let u be 6*s/(-4)*2. List the prime factors of (u/(-4))/((-9)/(-12)).
2
Let l = -17 + 44. List the prime factors of (171/l)/((-2)/(-6)).
19
Let m = -35 + 65. Let x = -27 + m. Let n = 24 - x. What are the prime factors of n?
3, 7
Suppose 0*x + 2*x - 33 = -3*a, 5*a = 5*x - 45. Let g be (-5)/((-4)/(x + -4)). Suppose -g = -3*l + 98. What are the prime factors of l?
2, 3
Let v = 122 + -71. Let s = -10 + v. List the prime factors of s.
41
Suppose 372 = 15*l - 9*l. Let c = l - -43. What are the prime factors of c?
3, 5, 7
Let u be 2*(2 - 4)*-1. Suppose 2*s + v + 2*v - 416 = 0, -u*s + 840 = 4*v. List the prime factors of s.
2, 107
Let m = 88 + -65. Let k = m + 36. What are the prime factors of k?
59
Let p be 34/(-4 + 3) + -1. Let l = p + 69. Suppose 0 = -v - 3*k + l, -2*v + 136 = 2*v - 2*k. What are the prime factors of v?
2, 17
Let y(p) = -14*p - 1. Let g(h) = -h - 1. Let s(j) = 3*g(j) - y(j). List the prime factors of s(1).
3
Suppose c = -5*c + 2*c. Let j be 10 - (-3)/(-2 - 1). Let n = j + c. What are the prime factors of n?
3
Suppose 0 = -6*y + y - 5*f + 35, 0 = -4*y + f + 33. Let x = 7 + y. List the prime factors of x.
3, 5
Suppose 64*f - 1715 = 59*f. Suppose -f - 362 = -5*c. What are the prime factors of c?
3, 47
Let y(j) = j + 2. Let w be y(1). Let l be (-1 + w - 3)*-2. Suppose -l*p - 25 = -3*p. What are the prime factors of p?
5
Let k(s) = 3*s**2 + 3*s - 7. Suppose -5*y - 10 - 10 = 0. Let m be k(y). Let i = -20 + m. List the prime factors of i.
3
Let z = -55 + 58. Suppose l - o = z*o + 28, -l - 5*o = 8. What are the prime factors of l?
2, 3
Suppose -4*t + 6*t - 7338 = 0. List the prime factors of 3*(6/16 + t/72).
2, 7, 11
Suppose c + 2*r - 16 = -c, 3*c = -4*r + 28. Suppose -2*q + 86 = -3*f, 0*f = -c*q - 5*f + 128. List the prime factors of q.
37
List the prime factors of (((-1)/3)/(-1))/((-33)/(-24453)).
13, 19
Suppose 4 = 4*s - 16. Suppose -s*f - 7 = 3*w, -3*f + 5*w = 6*w + 1. Let z(p) = 39*p + 1. List the prime factors of z(f).
2, 5
Suppose 0 = 15*y - 206 - 214. Suppose 762 = y*v - 22*v. List the prime factors of v.
127
Suppose 0 = 2*u + 4 - 32. Suppose -u = -c - c. Suppose -c*b + 9*b = 20. List the prime factors of b.
2, 5
Let m(b) = b**3 - 13*b**2 - 15*b + 16. Let j be m(14). Let u = j + -4. Let h(y) = -4*y**3 + 3*y + 1. List the prime factors of h(u).
3
Let r be (-50)/10*4/(-5). Let b be -3*(-8)/r + -2. Let j(t) = 6*t - 3. List the prime factors of j(b).
3, 7
Suppose 2*o - 145 = -3*o. Let a = 19 - o. List the prime factors of 48/a*(-20)/3.
2
Let r(u) = u**3 - 19*u**2 - 19*u - 22. Let d be r(20). Let o(a) = -10*a**3 + 2*a**2 + 4*a + 2. What are the prime factors of o(d)?
2, 41
Suppose 3*n + 5*c - 92 = 429, 856 = 5*n - 4*c. List the prime factors of n.
2, 43
Suppose h - 460 = -2*h - 5*a, -3*a = -4*h + 565. List the prime factors of h.
5, 29
Let z(k) = -16*k - 2*k**2 - 1 -